{"id":7546,"date":"2024-11-04T10:38:34","date_gmt":"2024-11-04T09:38:34","guid":{"rendered":"https:\/\/funke-grundschule.de\/?page_id=7546"},"modified":"2026-02-02T14:51:04","modified_gmt":"2026-02-02T13:51:04","slug":"schulsozialarbeit-in-der-funkeschule-2","status":"publish","type":"page","link":"https:\/\/funke-grundschule.de\/?page_id=7546","title":{"rendered":"Schulsozialarbeit in der Funkeschule"},"content":{"rendered":"<div class=\"wp-block-image\">\n<figure class=\"aligncenter size-large is-resized\"><img loading=\"lazy\" src=\"http:\/\/funke-grundschule.de\/wp-content\/uploads\/2024\/11\/abeer1-1-796x1024.jpg\" alt=\"\" class=\"wp-image-7538\" width=\"409\" height=\"526\" srcset=\"https:\/\/funke-grundschule.de\/wp-content\/uploads\/2024\/11\/abeer1-1-796x1024.jpg 796w, https:\/\/funke-grundschule.de\/wp-content\/uploads\/2024\/11\/abeer1-1-233x300.jpg 233w, https:\/\/funke-grundschule.de\/wp-content\/uploads\/2024\/11\/abeer1-1-768x988.jpg 768w, https:\/\/funke-grundschule.de\/wp-content\/uploads\/2024\/11\/abeer1-1-1194x1536.jpg 1194w, https:\/\/funke-grundschule.de\/wp-content\/uploads\/2024\/11\/abeer1-1-1130x1454.jpg 1130w, https:\/\/funke-grundschule.de\/wp-content\/uploads\/2024\/11\/abeer1-1-760x978.jpg 760w, https:\/\/funke-grundschule.de\/wp-content\/uploads\/2024\/11\/abeer1-1.jpg 1569w\" sizes=\"(max-width: 409px) 100vw, 409px\" \/><\/figure><\/div>\n\n\n<p>Liebe Funken,<\/p>\n\n\n\n<p>mein Name ist Alexandra Beer und ich bin seit dem 14.10.2024 als Schulsozialarbeiterin an der Funke-Grundschule t\u00e4tig. <\/p>\n\n\n\n<p>Ich sehe es als meine Aufgabe, dazu beizutragen, dass alle mit einem guten Gef\u00fchl in der Schule sein k\u00f6nnen. Ich helfe dabei, eine L\u00f6sung zu finden, wenn dies einmal nicht der Fall sein sollte. Dar\u00fcber hinaus bin ich Ansprechperson f\u00fcr alle Sorgeberechtigten bei kleinen und gro\u00dfen Problemen im h\u00e4uslichen und erzieherischen Bereich. <\/p>\n\n\n\n<p>F\u00fcr Ihre Kinder bin ich da und helfe bei Stress und Sorgen jeglicher Art. Beratung erfolgt freiwillig und ist vertraulich. Ich stehe auch schulintern unter Schweigepflicht und gebe Ihr Anliegen nur weiter, wenn wir dies so abgesprochen haben. <\/p>\n\n\n\n<p>Scheuen Sie sich nicht davor mich anzusprechen. Ich freue mich darauf Sie und Ihre Kinder kennenzulernen!<\/p>\n\n\n\n<p><\/p>\n\n\n\n<p><strong><em>Ansprechpartnerin Schulsozialarbeit<\/em><\/strong><\/p>\n\n\n\n<p><strong>Alexandra Beer<\/strong><\/p>\n\n\n\n<p><strong>E-Mail<\/strong>: <a href=\"mailto:Schulsozialarbeit@funke-grundschule-edu.de\">Schulsozialarbeit@funke-grundschule-edu.de<\/a><br><strong>Telefon:&nbsp;<\/strong><a href=\"tel:0231 %E2%80%93 5021286\">0231 \u2013&nbsp;5021286<\/a><\/p>\n\n\n\n<p>Mein B\u00fcro befindet sich im 2. OG im neuen Verwaltungstrakt hinten rechts.<\/p>\n\n\n\n<p><strong>Sie sind Herzlich Willkommen!<\/strong><\/p>\n\n\n<p><\/p>\n<div class=\"wp-block-file\"><a href=\"http:\/\/funke-grundschule.de\/wp-content\/uploads\/2026\/02\/Schulsozialarbeit-Flyer.pdf\">Flyer &#8211; Soziale Arbeit in der Funkeschule<\/a><a href=\"http:\/\/funke-grundschule.de\/wp-content\/uploads\/2026\/02\/Schulsozialarbeit-Flyer.pdf\" class=\"wp-block-file__button\" download=\"\">Herunterladen<\/a><\/div>\n<p><\/p>","protected":false},"excerpt":{"rendered":"<p>Liebe Funken, mein Name ist Alexandra Beer und ich bin seit dem 14.10.2024 als Schulsozialarbeiterin an der Funke-Grundschule t\u00e4tig. Ich sehe es als meine Aufgabe, dazu beizutragen, dass alle mit einem guten Gef\u00fchl in der Schule sein k\u00f6nnen. Ich helfe&#8230;<\/p>\n","protected":false},"author":3,"featured_media":0,"parent":0,"menu_order":0,"comment_status":"closed","ping_status":"closed","template":"","meta":[],"_links":{"self":[{"href":"https:\/\/funke-grundschule.de\/index.php?rest_route=\/wp\/v2\/pages\/7546"}],"collection":[{"href":"https:\/\/funke-grundschule.de\/index.php?rest_route=\/wp\/v2\/pages"}],"about":[{"href":"https:\/\/funke-grundschule.de\/index.php?rest_route=\/wp\/v2\/types\/page"}],"author":[{"embeddable":true,"href":"https:\/\/funke-grundschule.de\/index.php?rest_route=\/wp\/v2\/users\/3"}],"replies":[{"embeddable":true,"href":"https:\/\/funke-grundschule.de\/index.php?rest_route=%2Fwp%2Fv2%2Fcomments&post=7546"}],"version-history":[{"count":3,"href":"https:\/\/funke-grundschule.de\/index.php?rest_route=\/wp\/v2\/pages\/7546\/revisions"}],"predecessor-version":[{"id":7991,"href":"https:\/\/funke-grundschule.de\/index.php?rest_route=\/wp\/v2\/pages\/7546\/revisions\/7991"}],"wp:attachment":[{"href":"https:\/\/funke-grundschule.de\/index.php?rest_route=%2Fwp%2Fv2%2Fmedia&parent=7546"}],"curies":[{"name":"wp","href":"https:\/\/api.w.org\/{rel}","templated":true}]}}

<div class="wp-block-image">
<figure class="aligncenter size-large is-resized"><img loading="lazy" src="http://funke-grundschule.de/wp-content/uploads/2024/11/abeer1-1-796x1024.jpg" alt="" class="wp-image-7538" width="409" height="526" srcset="https://funke-grundschule.de/wp-content/uploads/2024/11/abeer1-1-796x1024.jpg 796w, https://funke-grundschule.de/wp-content/uploads/2024/11/abeer1-1-233x300.jpg 233w, https://funke-grundschule.de/wp-content/uploads/2024/11/abeer1-1-768x988.jpg 768w, https://funke-grundschule.de/wp-content/uploads/2024/11/abeer1-1-1194x1536.jpg 1194w, https://funke-grundschule.de/wp-content/uploads/2024/11/abeer1-1-1130x1454.jpg 1130w, https://funke-grundschule.de/wp-content/uploads/2024/11/abeer1-1-760x978.jpg 760w, https://funke-grundschule.de/wp-content/uploads/2024/11/abeer1-1.jpg 1569w" sizes="(max-width: 409px) 100vw, 409px" /></figure></div>


<p>Liebe Funken,</p>



<p>mein Name ist Alexandra Beer und ich bin seit dem 14.10.2024 als Schulsozialarbeiterin an der Funke-Grundschule tätig. </p>



<p>Ich sehe es als meine Aufgabe, dazu beizutragen, dass alle mit einem guten Gefühl in der Schule sein können. Ich helfe dabei, eine Lösung zu finden, wenn dies einmal nicht der Fall sein sollte. Darüber hinaus bin ich Ansprechperson für alle Sorgeberechtigten bei kleinen und großen Problemen im häuslichen und erzieherischen Bereich. </p>



<p>Für Ihre Kinder bin ich da und helfe bei Stress und Sorgen jeglicher Art. Beratung erfolgt freiwillig und ist vertraulich. Ich stehe auch schulintern unter Schweigepflicht und gebe Ihr Anliegen nur weiter, wenn wir dies so abgesprochen haben. </p>



<p>Scheuen Sie sich nicht davor mich anzusprechen. Ich freue mich darauf Sie und Ihre Kinder kennenzulernen!</p>



<p></p>



<p><strong><em>Ansprechpartnerin Schulsozialarbeit</em></strong></p>



<p><strong>Alexandra Beer</strong></p>



<p><strong>E-Mail</strong>: <a href="mailto:Schulsozialarbeit@funke-grundschule-edu.de">Schulsozialarbeit@funke-grundschule-edu.de</a><br><strong>Telefon:&nbsp;</strong><a href="tel:0231 %E2%80%93 5021286">0231 –&nbsp;5021286</a></p>



<p>Mein Büro befindet sich im 2. OG im neuen Verwaltungstrakt hinten rechts.</p>



<p><strong>Sie sind Herzlich Willkommen!</strong></p>


<p></p>
<div class="wp-block-file"><a href="http://funke-grundschule.de/wp-content/uploads/2026/02/Schulsozialarbeit-Flyer.pdf">Flyer &#8211; Soziale Arbeit in der Funkeschule</a><a href="http://funke-grundschule.de/wp-content/uploads/2026/02/Schulsozialarbeit-Flyer.pdf" class="wp-block-file__button" download="">Herunterladen</a></div>
<p></p>

<p>Liebe Funken, mein Name ist Alexandra Beer und ich bin seit dem 14.10.2024 als Schulsozialarbeiterin an der Funke-Grundschule tätig. Ich sehe es als meine Aufgabe, dazu beizutragen, dass alle mit einem guten Gefühl in der Schule sein können. Ich helfe&#8230;</p>
