{"id":4587,"date":"2020-09-24T12:18:30","date_gmt":"2020-09-24T10:18:30","guid":{"rendered":"http:\/\/funke-grundschule.de\/?page_id=4587"},"modified":"2024-12-18T10:47:21","modified_gmt":"2024-12-18T09:47:21","slug":"sonderpaedagogik-in-der-funkeschule","status":"publish","type":"page","link":"https:\/\/funke-grundschule.de\/?page_id=4587","title":{"rendered":"Sonderp\u00e4dagogik an der Funkeschule"},"content":{"rendered":"\n<figure class=\"wp-block-image size-large is-resized is-style-rounded\"><img loading=\"lazy\" src=\"http:\/\/funke-grundschule.de\/wp-content\/uploads\/2020\/09\/A45346CF-8F4D-4256-952F-E602372676B6-768x1024.jpeg\" alt=\"\" class=\"wp-image-4639\" width=\"578\" height=\"770\" srcset=\"https:\/\/funke-grundschule.de\/wp-content\/uploads\/2020\/09\/A45346CF-8F4D-4256-952F-E602372676B6-768x1024.jpeg 768w, https:\/\/funke-grundschule.de\/wp-content\/uploads\/2020\/09\/A45346CF-8F4D-4256-952F-E602372676B6-225x300.jpeg 225w, https:\/\/funke-grundschule.de\/wp-content\/uploads\/2020\/09\/A45346CF-8F4D-4256-952F-E602372676B6-1152x1536.jpeg 1152w, https:\/\/funke-grundschule.de\/wp-content\/uploads\/2020\/09\/A45346CF-8F4D-4256-952F-E602372676B6.jpeg 1200w\" sizes=\"(max-width: 578px) 100vw, 578px\" \/><\/figure>\n\n\n\n<p><strong>Ansprechpartnerin f\u00fcr Gemeinsames Lernen ( GL) :<\/strong><\/p>\n\n\n\n<p>Ich bin Lydia Thewes, Sonderp\u00e4dagogin dieser Schule. Ich f\u00fchle mich Dorstfeld sehr verbunden, denn nach dem Zuzug nach Dortmund (1985) befand sich meine 1. eigene Wohnung in der Wittenerstra\u00dfe. Ein Studium und rund 20 Jahre sp\u00e4ter arbeite ich nun seit dem Schuljahr 2011\/12 an der Funke-Grundschule in Dorstfeld.<\/p>\n\n\n\n<p>Meine Aufgabenbereiche als Sonderp\u00e4dagogin an der Funke-Grundschule sind sehr vielf\u00e4ltig.<\/p>\n\n\n\n<ul><li><a href=\"http:\/\/funke-grundschule.de\/?page_id=158\">Gemeinsames Lernen (sonderp\u00e4dagogische F\u00f6rderung)<\/a><\/li><li><a href=\"http:\/\/funke-grundschule.de\/?page_id=368\">Schulbegleitung<\/a><\/li><li><a href=\"http:\/\/funke-grundschule.de\/?page_id=1244\">Sozialtraining<\/a><\/li><li><a href=\"http:\/\/funke-grundschule.de\/?page_id=4571\">Demokratieerziehung<\/a><\/li><li>Pr\u00e4ventive F\u00f6rderung (Klasse 1-4)<\/li><li>Elternberatung (Schulneulinge, Klasse 1-4)<\/li><li>Kollegiale Beratung<\/li><\/ul>\n\n\n\n<p>Zurzeit bin ich Mitglied des Beratungsteams, des Krisenteams, der Schulkonferenz und der Teilkonferenz.<\/p>\n\n\n\n<p><a href=\"http:\/\/funke-grundschule.de\/?page_id=2239\">Hier finden Sie Informationen zu den Unterst\u00fctzungsangeboten.<\/a><\/p>\n\n\n\n<p>Zus\u00e4tzlich zu meinen Aufgaben an der Funke-Grundschule werde ich vom Schulamt als Gutachterin an anderen Grundschulen eingesetzt.&nbsp;<\/p>\n","protected":false},"excerpt":{"rendered":"<p>Ansprechpartnerin f\u00fcr Gemeinsames Lernen ( GL) : Ich bin Lydia Thewes, Sonderp\u00e4dagogin dieser Schule. Ich f\u00fchle mich Dorstfeld sehr verbunden, denn nach dem Zuzug nach Dortmund (1985) befand sich meine 1. eigene Wohnung in der Wittenerstra\u00dfe. Ein Studium und rund&#8230;<\/p>\n","protected":false},"author":3,"featured_media":0,"parent":0,"menu_order":0,"comment_status":"closed","ping_status":"closed","template":"","meta":[],"_links":{"self":[{"href":"https:\/\/funke-grundschule.de\/index.php?rest_route=\/wp\/v2\/pages\/4587"}],"collection":[{"href":"https:\/\/funke-grundschule.de\/index.php?rest_route=\/wp\/v2\/pages"}],"about":[{"href":"https:\/\/funke-grundschule.de\/index.php?rest_route=\/wp\/v2\/types\/page"}],"author":[{"embeddable":true,"href":"https:\/\/funke-grundschule.de\/index.php?rest_route=\/wp\/v2\/users\/3"}],"replies":[{"embeddable":true,"href":"https:\/\/funke-grundschule.de\/index.php?rest_route=%2Fwp%2Fv2%2Fcomments&post=4587"}],"version-history":[{"count":4,"href":"https:\/\/funke-grundschule.de\/index.php?rest_route=\/wp\/v2\/pages\/4587\/revisions"}],"predecessor-version":[{"id":4640,"href":"https:\/\/funke-grundschule.de\/index.php?rest_route=\/wp\/v2\/pages\/4587\/revisions\/4640"}],"wp:attachment":[{"href":"https:\/\/funke-grundschule.de\/index.php?rest_route=%2Fwp%2Fv2%2Fmedia&parent=4587"}],"curies":[{"name":"wp","href":"https:\/\/api.w.org\/{rel}","templated":true}]}}