{"id":147,"date":"2017-06-21T20:22:11","date_gmt":"2017-06-21T18:22:11","guid":{"rendered":"http:\/\/test.funke-grundschule.de\/?page_id=147"},"modified":"2024-11-13T15:16:07","modified_gmt":"2024-11-13T14:16:07","slug":"projekte","status":"publish","type":"page","link":"https:\/\/funke-grundschule.de\/?page_id=147","title":{"rendered":"<center>Projekte<\/center>"},"content":{"rendered":"\n<div class=\"wp-container-1 is-content-justification-center wp-block-buttons\">\n<div class=\"wp-block-button is-style-fill\"><a class=\"wp-block-button__link has-black-color has-text-color has-background\" href=\"https:\/\/funke-grundschule.de\/?page_id=145\" style=\"border-radius:2px;background-color:#f2f2f2\">Antolin-Lesef\u00f6rderung<\/a><\/div>\n\n\n\n<div class=\"wp-block-button is-style-fill\"><a class=\"wp-block-button__link has-black-color has-text-color has-background\" href=\"https:\/\/funke-grundschule.de\/?page_id=1168\" style=\"border-radius:2px;background-color:#f2f2f2\">Bewegte Pause<\/a><\/div>\n\n\n\n<div class=\"wp-block-button is-style-fill\"><a class=\"wp-block-button__link has-black-color has-text-color has-background\" href=\"https:\/\/funke-grundschule.de\/?page_id=151\" style=\"border-radius:2px;background-color:#f2f2f2\">Book-Buddy<\/a><\/div>\n\n\n\n<div class=\"wp-block-button is-style-fill\"><a class=\"wp-block-button__link has-black-color has-text-color has-background\" href=\"https:\/\/funke-grundschule.de\/?p=6703\" style=\"border-radius:2px;background-color:#f2f2f2\" target=\"_blank\" rel=\"noreferrer noopener\">FamilY<\/a><\/div>\n\n\n\n<div class=\"wp-block-button is-style-fill\"><a class=\"wp-block-button__link has-black-color has-text-color has-background\" href=\"https:\/\/funke-grundschule.de\/?page_id=1001\" style=\"border-radius:2px;background-color:#f2f2f2\">fit4future<\/a><\/div>\n\n\n\n<div class=\"wp-block-button is-style-fill\"><a class=\"wp-block-button__link has-black-color has-text-color has-background\" href=\"https:\/\/funke-grundschule.de\/?page_id=4400\" style=\"border-radius:2px;background-color:#f2f2f2\">Garten-AG<\/a><\/div>\n\n\n\n<div class=\"wp-block-button is-style-fill\"><a class=\"wp-block-button__link has-black-color has-text-color has-background\" href=\"https:\/\/funke-grundschule.de\/?page_id=5195\" style=\"border-radius:2px;background-color:#f2f2f2\">Joghurtpause<\/a><\/div>\n\n\n\n<div class=\"wp-block-button is-style-fill\"><a class=\"wp-block-button__link has-black-color has-text-color has-background\" href=\"https:\/\/funke-grundschule.de\/?page_id=4546\" style=\"border-radius:2px;background-color:#f2f2f2\">KITZ.do<\/a><\/div>\n\n\n\n<div class=\"wp-block-button is-style-fill\"><a class=\"wp-block-button__link has-black-color has-text-color has-background\" href=\"https:\/\/funke-grundschule.de\/?page_id=149\" style=\"border-radius:2px;background-color:#f2f2f2\">Obstpause<\/a><\/div>\n\n\n\n<div class=\"wp-block-button is-style-fill\"><a class=\"wp-block-button__link has-black-color has-text-color has-background\" href=\"https:\/\/funke-grundschule.de\/?page_id=4417\" style=\"border-radius:2px;background-color:#f2f2f2\">Schach-AG<\/a><\/div>\n<\/div>\n\n\n\n<\/h2>\n<hr class=\"wp-block-separator\" \/>\n<h2>\n\n\n<h2 class=\"entry-title\">Unser Schulgarten<\/h2>\n\n\n<p><strong>Nach der gro\u00dfen Umgestaltungsaktion des Gartens durch eine&nbsp;Garten- und Landschaftsbaufirma,&nbsp; die nun abgeschlossen ist, folgte die landschaftliche Ausgestaltung durch die Schulgemeinschaft.<\/strong><\/p>\n\n\n\n<p>Hier sehen Sie ein Vorher-nachher-Vergleich:<\/p>\n\n\n\n<figure class=\"wp-block-image size-large\"><img loading=\"lazy\" width=\"1024\" height=\"698\" src=\"https:\/\/funke-grundschule.de\/wp-content\/uploads\/2022\/06\/BeFunky-collage-1024x698.jpg\" alt=\"\" class=\"wp-image-5604\" srcset=\"https:\/\/funke-grundschule.de\/wp-content\/uploads\/2022\/06\/BeFunky-collage-1024x698.jpg 1024w, https:\/\/funke-grundschule.de\/wp-content\/uploads\/2022\/06\/BeFunky-collage-300x205.jpg 300w, https:\/\/funke-grundschule.de\/wp-content\/uploads\/2022\/06\/BeFunky-collage-768x524.jpg 768w, https:\/\/funke-grundschule.de\/wp-content\/uploads\/2022\/06\/BeFunky-collage-1536x1047.jpg 1536w, https:\/\/funke-grundschule.de\/wp-content\/uploads\/2022\/06\/BeFunky-collage-2048x1396.jpg 2048w\" sizes=\"(max-width: 1024px) 100vw, 1024px\" \/><\/figure>\n\n\n\n<figure class=\"wp-block-image size-large\"><img loading=\"lazy\" width=\"1024\" height=\"698\" src=\"https:\/\/funke-grundschule.de\/wp-content\/uploads\/2022\/06\/BeFunky-collage-1-1024x698.jpg\" alt=\"\" class=\"wp-image-5608\" srcset=\"https:\/\/funke-grundschule.de\/wp-content\/uploads\/2022\/06\/BeFunky-collage-1-1024x698.jpg 1024w, https:\/\/funke-grundschule.de\/wp-content\/uploads\/2022\/06\/BeFunky-collage-1-300x205.jpg 300w, https:\/\/funke-grundschule.de\/wp-content\/uploads\/2022\/06\/BeFunky-collage-1-768x524.jpg 768w, https:\/\/funke-grundschule.de\/wp-content\/uploads\/2022\/06\/BeFunky-collage-1-1536x1047.jpg 1536w, https:\/\/funke-grundschule.de\/wp-content\/uploads\/2022\/06\/BeFunky-collage-1-2048x1396.jpg 2048w\" sizes=\"(max-width: 1024px) 100vw, 1024px\" \/><\/figure>\n\n\n\n<hr class=\"wp-block-separator has-css-opacity\"\/>\n\n\n\n<p><strong>Schulgartenprojekt am 28.04.2022<\/strong><\/p>\n\n\n\n<p>Nach dem Umbau des Schulgartens ging es an die Feinarbeiten.<\/p>\n\n\n\n<p>Eine der ersten Aktionen, neben der Bepflanzung des Ackers, war das Schulgartenprojekt: &#8220;Aussaat des Rasens&#8221;.<\/p>\n\n\n\n<p>Im Schulgarten erleben Sch\u00fcler*innen verschiedenste Situationen, die sie zum Handeln herausfordern. Dar\u00fcber hinaus tr\u00e4gt der Schulgarten zur praktischen Umwelterziehung bei, die in Zeiten von Klimawandel und Mikroplastik immer wichtiger wird. Und nicht zu vergessen: der Schulgarten bringt Spa\u00df, Zusammenhalt und erm\u00f6glicht das Entdecken neuer Leidenschaften!<\/p>\n\n\n\n<figure class=\"wp-block-image size-large\"><img loading=\"lazy\" width=\"1024\" height=\"768\" src=\"https:\/\/funke-grundschule.de\/wp-content\/uploads\/2022\/06\/IMG-20220428-WA0004-1024x768.jpg\" alt=\"\" class=\"wp-image-5597\" title=\"\" srcset=\"https:\/\/funke-grundschule.de\/wp-content\/uploads\/2022\/06\/IMG-20220428-WA0004-1024x768.jpg 1024w, https:\/\/funke-grundschule.de\/wp-content\/uploads\/2022\/06\/IMG-20220428-WA0004-300x225.jpg 300w, https:\/\/funke-grundschule.de\/wp-content\/uploads\/2022\/06\/IMG-20220428-WA0004-768x576.jpg 768w, https:\/\/funke-grundschule.de\/wp-content\/uploads\/2022\/06\/IMG-20220428-WA0004-1536x1152.jpg 1536w, https:\/\/funke-grundschule.de\/wp-content\/uploads\/2022\/06\/IMG-20220428-WA0004.jpg 2016w\" sizes=\"(max-width: 1024px) 100vw, 1024px\" \/><\/figure>\n\n\n\n<p>Kinder der Jahrgangsstufe 1-3 s\u00e4en den Rasen aus. Daf\u00fcr werden die Aussaatschalen zu aller erst mit Rasensamen bef\u00fcllt.<\/p>\n\n\n\n<div class=\"wp-block-media-text alignwide has-media-on-the-right is-stacked-on-mobile\"><figure class=\"wp-block-media-text__media\"><img loading=\"lazy\" width=\"1024\" height=\"768\" src=\"https:\/\/funke-grundschule.de\/wp-content\/uploads\/2022\/06\/IMG-20220428-WA0003-2-1024x768.jpg\" alt=\"\" class=\"wp-image-5624 size-full\" srcset=\"https:\/\/funke-grundschule.de\/wp-content\/uploads\/2022\/06\/IMG-20220428-WA0003-2-1024x768.jpg 1024w, https:\/\/funke-grundschule.de\/wp-content\/uploads\/2022\/06\/IMG-20220428-WA0003-2-300x225.jpg 300w, https:\/\/funke-grundschule.de\/wp-content\/uploads\/2022\/06\/IMG-20220428-WA0003-2-768x576.jpg 768w, https:\/\/funke-grundschule.de\/wp-content\/uploads\/2022\/06\/IMG-20220428-WA0003-2-1536x1152.jpg 1536w, https:\/\/funke-grundschule.de\/wp-content\/uploads\/2022\/06\/IMG-20220428-WA0003-2.jpg 2016w\" sizes=\"(max-width: 1024px) 100vw, 1024px\" \/><\/figure><div class=\"wp-block-media-text__content\">\n<p class=\"has-normal-font-size\">Dabei leiten Garten- und Landschaftsbauer der Stadt Dortmund die Kinder bei der Gartenarbeit an und liefern viele wichtige Infos: wie entsteht der Rasen? Welche Ger\u00e4te braucht man wof\u00fcr? Wie genau werden die Samen ausges\u00e4t?<\/p>\n<\/div><\/div>\n\n\n\n<p><\/p>\n\n\n\n<div class=\"wp-block-media-text alignwide is-stacked-on-mobile\"><figure class=\"wp-block-media-text__media\"><img loading=\"lazy\" width=\"1024\" height=\"768\" src=\"https:\/\/funke-grundschule.de\/wp-content\/uploads\/2022\/06\/IMG-20220428-WA0014-2-1024x768.jpg\" alt=\"\" class=\"wp-image-5619 size-full\" srcset=\"https:\/\/funke-grundschule.de\/wp-content\/uploads\/2022\/06\/IMG-20220428-WA0014-2-1024x768.jpg 1024w, https:\/\/funke-grundschule.de\/wp-content\/uploads\/2022\/06\/IMG-20220428-WA0014-2-300x225.jpg 300w, https:\/\/funke-grundschule.de\/wp-content\/uploads\/2022\/06\/IMG-20220428-WA0014-2-768x576.jpg 768w, https:\/\/funke-grundschule.de\/wp-content\/uploads\/2022\/06\/IMG-20220428-WA0014-2-1536x1152.jpg 1536w, https:\/\/funke-grundschule.de\/wp-content\/uploads\/2022\/06\/IMG-20220428-WA0014-2.jpg 1600w\" sizes=\"(max-width: 1024px) 100vw, 1024px\" \/><\/figure><div class=\"wp-block-media-text__content\">\n<p class=\"has-normal-font-size\">Hier entsteht unsere neue Wiese. Auch Samen f\u00fcr Wildblumen haben wir auf einem Bl\u00fchstreifen ausges\u00e4t.<\/p>\n<\/div><\/div>\n\n\n\n<p><\/p>\n\n\n\n<div class=\"wp-container-3 wp-block-group alignwide\"><div class=\"wp-block-group__inner-container\">\n<p><\/p>\n\n\n\n<div class=\"wp-container-2 wp-block-group alignwide\"><div class=\"wp-block-group__inner-container\">\n<div class=\"wp-block-media-text alignwide has-media-on-the-right is-stacked-on-mobile\"><figure class=\"wp-block-media-text__media\"><img loading=\"lazy\" width=\"1024\" height=\"768\" src=\"https:\/\/funke-grundschule.de\/wp-content\/uploads\/2022\/06\/IMG-20220428-WA0005-1-1024x768.jpg\" alt=\"\" class=\"wp-image-5621 size-full\" srcset=\"https:\/\/funke-grundschule.de\/wp-content\/uploads\/2022\/06\/IMG-20220428-WA0005-1-1024x768.jpg 1024w, https:\/\/funke-grundschule.de\/wp-content\/uploads\/2022\/06\/IMG-20220428-WA0005-1-300x225.jpg 300w, https:\/\/funke-grundschule.de\/wp-content\/uploads\/2022\/06\/IMG-20220428-WA0005-1-768x576.jpg 768w, https:\/\/funke-grundschule.de\/wp-content\/uploads\/2022\/06\/IMG-20220428-WA0005-1-1536x1152.jpg 1536w, https:\/\/funke-grundschule.de\/wp-content\/uploads\/2022\/06\/IMG-20220428-WA0005-1.jpg 2016w\" sizes=\"(max-width: 1024px) 100vw, 1024px\" \/><\/figure><div class=\"wp-block-media-text__content\">\n<p class=\"has-normal-font-size\">Damit sich die Rasen- und Wildblumensamen festsetzen, m\u00fcssen sie zuletzt noch mit der Gartenwalze in die Erde eingedr\u00fcckt werden.<\/p>\n<\/div><\/div>\n<\/div><\/div>\n<\/div><\/div>\n\n\n<p>Unser Schulgarten<\/p>\n\n\n<p><\/p>\n\n\n\n<figure class=\"wp-block-image size-large\"><img loading=\"lazy\" width=\"1024\" height=\"768\" src=\"https:\/\/funke-grundschule.de\/wp-content\/uploads\/2022\/06\/IMG-20220428-WA0039.jpg\" alt=\"\" class=\"wp-image-5600\" srcset=\"https:\/\/funke-grundschule.de\/wp-content\/uploads\/2022\/06\/IMG-20220428-WA0039.jpg 1024w, https:\/\/funke-grundschule.de\/wp-content\/uploads\/2022\/06\/IMG-20220428-WA0039-300x225.jpg 300w, https:\/\/funke-grundschule.de\/wp-content\/uploads\/2022\/06\/IMG-20220428-WA0039-768x576.jpg 768w\" sizes=\"(max-width: 1024px) 100vw, 1024px\" \/><\/figure>\n\n\n\n<p>Ein spannender, info- und erlebnisreicher Nachmittag geht zu Ende.<\/p>\n\n\n\n<p>Das Funkeschule Team.<\/p>\n","protected":false},"excerpt":{"rendered":"<p>Unser Schulgarten Nach der gro\u00dfen Umgestaltungsaktion des Gartens durch eine&nbsp;Garten- und Landschaftsbaufirma,&nbsp; die nun abgeschlossen ist, folgte die landschaftliche Ausgestaltung durch die Schulgemeinschaft. Hier sehen Sie ein Vorher-nachher-Vergleich: Schulgartenprojekt am 28.04.2022 Nach dem Umbau des Schulgartens ging es an die&#8230;<\/p>\n","protected":false},"author":3,"featured_media":0,"parent":0,"menu_order":0,"comment_status":"closed","ping_status":"closed","template":"","meta":[],"_links":{"self":[{"href":"https:\/\/funke-grundschule.de\/index.php?rest_route=\/wp\/v2\/pages\/147"}],"collection":[{"href":"https:\/\/funke-grundschule.de\/index.php?rest_route=\/wp\/v2\/pages"}],"about":[{"href":"https:\/\/funke-grundschule.de\/index.php?rest_route=\/wp\/v2\/types\/page"}],"author":[{"embeddable":true,"href":"https:\/\/funke-grundschule.de\/index.php?rest_route=\/wp\/v2\/users\/3"}],"replies":[{"embeddable":true,"href":"https:\/\/funke-grundschule.de\/index.php?rest_route=%2Fwp%2Fv2%2Fcomments&post=147"}],"version-history":[{"count":25,"href":"https:\/\/funke-grundschule.de\/index.php?rest_route=\/wp\/v2\/pages\/147\/revisions"}],"predecessor-version":[{"id":7283,"href":"https:\/\/funke-grundschule.de\/index.php?rest_route=\/wp\/v2\/pages\/147\/revisions\/7283"}],"wp:attachment":[{"href":"https:\/\/funke-grundschule.de\/index.php?rest_route=%2Fwp%2Fv2%2Fmedia&parent=147"}],"curies":[{"name":"wp","href":"https:\/\/api.w.org\/{rel}","templated":true}]}}

<div class="wp-container-1 is-content-justification-center wp-block-buttons">
<div class="wp-block-button is-style-fill"><a class="wp-block-button__link has-black-color has-text-color has-background" href="https://funke-grundschule.de/?page_id=145" style="border-radius:2px;background-color:#f2f2f2">Antolin-Leseförderung</a></div>



<div class="wp-block-button is-style-fill"><a class="wp-block-button__link has-black-color has-text-color has-background" href="https://funke-grundschule.de/?page_id=1168" style="border-radius:2px;background-color:#f2f2f2">Bewegte Pause</a></div>



<div class="wp-block-button is-style-fill"><a class="wp-block-button__link has-black-color has-text-color has-background" href="https://funke-grundschule.de/?page_id=151" style="border-radius:2px;background-color:#f2f2f2">Book-Buddy</a></div>



<div class="wp-block-button is-style-fill"><a class="wp-block-button__link has-black-color has-text-color has-background" href="https://funke-grundschule.de/?p=6703" style="border-radius:2px;background-color:#f2f2f2" target="_blank" rel="noreferrer noopener">FamilY</a></div>



<div class="wp-block-button is-style-fill"><a class="wp-block-button__link has-black-color has-text-color has-background" href="https://funke-grundschule.de/?page_id=1001" style="border-radius:2px;background-color:#f2f2f2">fit4future</a></div>



<div class="wp-block-button is-style-fill"><a class="wp-block-button__link has-black-color has-text-color has-background" href="https://funke-grundschule.de/?page_id=4400" style="border-radius:2px;background-color:#f2f2f2">Garten-AG</a></div>



<div class="wp-block-button is-style-fill"><a class="wp-block-button__link has-black-color has-text-color has-background" href="https://funke-grundschule.de/?page_id=5195" style="border-radius:2px;background-color:#f2f2f2">Joghurtpause</a></div>



<div class="wp-block-button is-style-fill"><a class="wp-block-button__link has-black-color has-text-color has-background" href="https://funke-grundschule.de/?page_id=4546" style="border-radius:2px;background-color:#f2f2f2">KITZ.do</a></div>



<div class="wp-block-button is-style-fill"><a class="wp-block-button__link has-black-color has-text-color has-background" href="https://funke-grundschule.de/?page_id=149" style="border-radius:2px;background-color:#f2f2f2">Obstpause</a></div>



<div class="wp-block-button is-style-fill"><a class="wp-block-button__link has-black-color has-text-color has-background" href="https://funke-grundschule.de/?page_id=4417" style="border-radius:2px;background-color:#f2f2f2">Schach-AG</a></div>
</div>



</h2>
<hr class="wp-block-separator" />
<h2>


<h2 class="entry-title">Unser Schulgarten</h2>


<p><strong>Nach der großen Umgestaltungsaktion des Gartens durch eine&nbsp;Garten- und Landschaftsbaufirma,&nbsp; die nun abgeschlossen ist, folgte die landschaftliche Ausgestaltung durch die Schulgemeinschaft.</strong></p>



<p>Hier sehen Sie ein Vorher-nachher-Vergleich:</p>



<figure class="wp-block-image size-large"><img loading="lazy" width="1024" height="698" src="https://funke-grundschule.de/wp-content/uploads/2022/06/BeFunky-collage-1024x698.jpg" alt="" class="wp-image-5604" srcset="https://funke-grundschule.de/wp-content/uploads/2022/06/BeFunky-collage-1024x698.jpg 1024w, https://funke-grundschule.de/wp-content/uploads/2022/06/BeFunky-collage-300x205.jpg 300w, https://funke-grundschule.de/wp-content/uploads/2022/06/BeFunky-collage-768x524.jpg 768w, https://funke-grundschule.de/wp-content/uploads/2022/06/BeFunky-collage-1536x1047.jpg 1536w, https://funke-grundschule.de/wp-content/uploads/2022/06/BeFunky-collage-2048x1396.jpg 2048w" sizes="(max-width: 1024px) 100vw, 1024px" /></figure>



<figure class="wp-block-image size-large"><img loading="lazy" width="1024" height="698" src="https://funke-grundschule.de/wp-content/uploads/2022/06/BeFunky-collage-1-1024x698.jpg" alt="" class="wp-image-5608" srcset="https://funke-grundschule.de/wp-content/uploads/2022/06/BeFunky-collage-1-1024x698.jpg 1024w, https://funke-grundschule.de/wp-content/uploads/2022/06/BeFunky-collage-1-300x205.jpg 300w, https://funke-grundschule.de/wp-content/uploads/2022/06/BeFunky-collage-1-768x524.jpg 768w, https://funke-grundschule.de/wp-content/uploads/2022/06/BeFunky-collage-1-1536x1047.jpg 1536w, https://funke-grundschule.de/wp-content/uploads/2022/06/BeFunky-collage-1-2048x1396.jpg 2048w" sizes="(max-width: 1024px) 100vw, 1024px" /></figure>



<hr class="wp-block-separator has-css-opacity"/>



<p><strong>Schulgartenprojekt am 28.04.2022</strong></p>



<p>Nach dem Umbau des Schulgartens ging es an die Feinarbeiten.</p>



<p>Eine der ersten Aktionen, neben der Bepflanzung des Ackers, war das Schulgartenprojekt: &#8220;Aussaat des Rasens&#8221;.</p>



<p>Im Schulgarten erleben Schüler*innen verschiedenste Situationen, die sie zum Handeln herausfordern. Darüber hinaus trägt der Schulgarten zur praktischen Umwelterziehung bei, die in Zeiten von Klimawandel und Mikroplastik immer wichtiger wird. Und nicht zu vergessen: der Schulgarten bringt Spaß, Zusammenhalt und ermöglicht das Entdecken neuer Leidenschaften!</p>



<figure class="wp-block-image size-large"><img loading="lazy" width="1024" height="768" src="https://funke-grundschule.de/wp-content/uploads/2022/06/IMG-20220428-WA0004-1024x768.jpg" alt="" class="wp-image-5597" title="" srcset="https://funke-grundschule.de/wp-content/uploads/2022/06/IMG-20220428-WA0004-1024x768.jpg 1024w, https://funke-grundschule.de/wp-content/uploads/2022/06/IMG-20220428-WA0004-300x225.jpg 300w, https://funke-grundschule.de/wp-content/uploads/2022/06/IMG-20220428-WA0004-768x576.jpg 768w, https://funke-grundschule.de/wp-content/uploads/2022/06/IMG-20220428-WA0004-1536x1152.jpg 1536w, https://funke-grundschule.de/wp-content/uploads/2022/06/IMG-20220428-WA0004.jpg 2016w" sizes="(max-width: 1024px) 100vw, 1024px" /></figure>



<p>Kinder der Jahrgangsstufe 1-3 säen den Rasen aus. Dafür werden die Aussaatschalen zu aller erst mit Rasensamen befüllt.</p>



<div class="wp-block-media-text alignwide has-media-on-the-right is-stacked-on-mobile"><figure class="wp-block-media-text__media"><img loading="lazy" width="1024" height="768" src="https://funke-grundschule.de/wp-content/uploads/2022/06/IMG-20220428-WA0003-2-1024x768.jpg" alt="" class="wp-image-5624 size-full" srcset="https://funke-grundschule.de/wp-content/uploads/2022/06/IMG-20220428-WA0003-2-1024x768.jpg 1024w, https://funke-grundschule.de/wp-content/uploads/2022/06/IMG-20220428-WA0003-2-300x225.jpg 300w, https://funke-grundschule.de/wp-content/uploads/2022/06/IMG-20220428-WA0003-2-768x576.jpg 768w, https://funke-grundschule.de/wp-content/uploads/2022/06/IMG-20220428-WA0003-2-1536x1152.jpg 1536w, https://funke-grundschule.de/wp-content/uploads/2022/06/IMG-20220428-WA0003-2.jpg 2016w" sizes="(max-width: 1024px) 100vw, 1024px" /></figure><div class="wp-block-media-text__content">
<p class="has-normal-font-size">Dabei leiten Garten- und Landschaftsbauer der Stadt Dortmund die Kinder bei der Gartenarbeit an und liefern viele wichtige Infos: wie entsteht der Rasen? Welche Geräte braucht man wofür? Wie genau werden die Samen ausgesät?</p>
</div></div>



<p></p>



<div class="wp-block-media-text alignwide is-stacked-on-mobile"><figure class="wp-block-media-text__media"><img loading="lazy" width="1024" height="768" src="https://funke-grundschule.de/wp-content/uploads/2022/06/IMG-20220428-WA0014-2-1024x768.jpg" alt="" class="wp-image-5619 size-full" srcset="https://funke-grundschule.de/wp-content/uploads/2022/06/IMG-20220428-WA0014-2-1024x768.jpg 1024w, https://funke-grundschule.de/wp-content/uploads/2022/06/IMG-20220428-WA0014-2-300x225.jpg 300w, https://funke-grundschule.de/wp-content/uploads/2022/06/IMG-20220428-WA0014-2-768x576.jpg 768w, https://funke-grundschule.de/wp-content/uploads/2022/06/IMG-20220428-WA0014-2-1536x1152.jpg 1536w, https://funke-grundschule.de/wp-content/uploads/2022/06/IMG-20220428-WA0014-2.jpg 1600w" sizes="(max-width: 1024px) 100vw, 1024px" /></figure><div class="wp-block-media-text__content">
<p class="has-normal-font-size">Hier entsteht unsere neue Wiese. Auch Samen für Wildblumen haben wir auf einem Blühstreifen ausgesät.</p>
</div></div>



<p></p>



<div class="wp-container-3 wp-block-group alignwide"><div class="wp-block-group__inner-container">
<p></p>



<div class="wp-container-2 wp-block-group alignwide"><div class="wp-block-group__inner-container">
<div class="wp-block-media-text alignwide has-media-on-the-right is-stacked-on-mobile"><figure class="wp-block-media-text__media"><img loading="lazy" width="1024" height="768" src="https://funke-grundschule.de/wp-content/uploads/2022/06/IMG-20220428-WA0005-1-1024x768.jpg" alt="" class="wp-image-5621 size-full" srcset="https://funke-grundschule.de/wp-content/uploads/2022/06/IMG-20220428-WA0005-1-1024x768.jpg 1024w, https://funke-grundschule.de/wp-content/uploads/2022/06/IMG-20220428-WA0005-1-300x225.jpg 300w, https://funke-grundschule.de/wp-content/uploads/2022/06/IMG-20220428-WA0005-1-768x576.jpg 768w, https://funke-grundschule.de/wp-content/uploads/2022/06/IMG-20220428-WA0005-1-1536x1152.jpg 1536w, https://funke-grundschule.de/wp-content/uploads/2022/06/IMG-20220428-WA0005-1.jpg 2016w" sizes="(max-width: 1024px) 100vw, 1024px" /></figure><div class="wp-block-media-text__content">
<p class="has-normal-font-size">Damit sich die Rasen- und Wildblumensamen festsetzen, müssen sie zuletzt noch mit der Gartenwalze in die Erde eingedrückt werden.</p>
</div></div>
</div></div>
</div></div>


<p>Unser Schulgarten</p>


<p></p>



<figure class="wp-block-image size-large"><img loading="lazy" width="1024" height="768" src="https://funke-grundschule.de/wp-content/uploads/2022/06/IMG-20220428-WA0039.jpg" alt="" class="wp-image-5600" srcset="https://funke-grundschule.de/wp-content/uploads/2022/06/IMG-20220428-WA0039.jpg 1024w, https://funke-grundschule.de/wp-content/uploads/2022/06/IMG-20220428-WA0039-300x225.jpg 300w, https://funke-grundschule.de/wp-content/uploads/2022/06/IMG-20220428-WA0039-768x576.jpg 768w" sizes="(max-width: 1024px) 100vw, 1024px" /></figure>



<p>Ein spannender, info- und erlebnisreicher Nachmittag geht zu Ende.</p>



<p>Das Funkeschule Team.</p>

<p>Unser Schulgarten Nach der großen Umgestaltungsaktion des Gartens durch eine&nbsp;Garten- und Landschaftsbaufirma,&nbsp; die nun abgeschlossen ist, folgte die landschaftliche Ausgestaltung durch die Schulgemeinschaft. Hier sehen Sie ein Vorher-nachher-Vergleich: Schulgartenprojekt am 28.04.2022 Nach dem Umbau des Schulgartens ging es an die&#8230;</p>
