{"id":145,"date":"2017-06-21T20:22:00","date_gmt":"2017-06-21T18:22:00","guid":{"rendered":"http:\/\/test.funke-grundschule.de\/?page_id=145"},"modified":"2024-11-13T15:55:08","modified_gmt":"2024-11-13T14:55:08","slug":"antolin-lesefoerderung","status":"publish","type":"page","link":"https:\/\/funke-grundschule.de\/?page_id=145","title":{"rendered":"Antolin-Lesef\u00f6rderung"},"content":{"rendered":"<p>ANTOLIN &#8211; MIT LESEN PUNKTEN<\/p>\n<p>Antolin ist ein innovatives Portal zur Lesef\u00f6rderung von der ersten bis zur zehnten Klasse! Die Sch\u00fcler\/-innen lesen ein Buch und beantworten dann interaktive Quizfragen zum Inhalt. Auf diese Weise f\u00f6rdert Antolin das sinnentnehmende Lesen und motiviert die Sch\u00fcler\/-innen, sich mit den Inhalten der gelesenen Werke auseinander zu setzen. Dadurch unterst\u00fctzt Antolin die selbstbestimmte Entwicklung der eigenen Leseidentit\u00e4t.<\/p>\n<p>Die Lesefertigkeit ist mit vielen intellektuellen F\u00e4higkeiten unmittelbar verbunden: Sie beeinflusst die Entwicklung des Vorstellungsverm\u00f6gens, der Fantasie, der Sprach- und Ausdrucksweise und ist Grundlage f\u00fcr die Erfahrung, wie bereichernd und (ent-)spannend Lesen sein kann. Diese F\u00e4higkeiten und Erfahrungen zu entwickeln, zu f\u00f6rdern und zu sch\u00fctzen ist das Ziel von Antolin.<\/p>\n<p>Antolin enth\u00e4lt Quizfragen zu den Klassiker der Kinder- und Jugendbuchliteratur ebenso wie zu wichtigen Neuerscheinungen und B\u00fcchern auf Englisch, Franz\u00f6sisch und T\u00fcrkisch. Dieses breit gef\u00e4cherte Angebot wird kontinuierlich aktualisiert und um weitere Titel erg\u00e4nzt. Dadurch haben die Sch\u00fcler\/-innen jederzeit Zugriff auf eine profunde Zusammenstellung hochwertiger Kinder\/-Jugendliteratur verschiedener Themen und Genres. Eine Auswahl, die sich im Buchangebot der Schulen, in B\u00fcchereien und im Buchhandel spiegelt.<\/p>\n<p>Lehrkr\u00e4fte haben bei Antolin einen eigenen Zugang, der einen detaillierten \u00dcberblick \u00fcber die Leseleistung der Sch\u00fcler\/-innen bietet. Die Daten geben Aufschluss \u00fcber die Entwicklung der individuellen Lesebiografie und machen etwaige Defizite deutlich. Dadurch entsteht eine optimale Wissensgrundlage f\u00fcr die gezielte Lesef\u00f6rderung im Unterricht.<\/p>\n<p>Dank der Schullizenz, die uns der F\u00f6rderverein spendiert hat, nehmen die Funke- Sch\u00fcler an der Lesef\u00f6rderung durch Antolin teil. Sie k\u00f6nnen im Internet Fragen zu gelesenen B\u00fcchern beantworten und dabei Punkte sammeln. Jedes Kind erh\u00e4lt eigene Zugangsdaten, die\u00a0auch zu Hause genutzt werden k\u00f6nnen. Die Sch\u00fcler sind durch das Arbeiten am Computer hoch motiviert, bekommen einen \u00dcberblick \u00fcber die eigene Leseleistung und \u00fcben verst\u00e4ndnisorientiertes Lesen.<\/p>\n","protected":false},"excerpt":{"rendered":"<p>ANTOLIN &#8211; MIT LESEN PUNKTEN Antolin ist ein innovatives Portal zur Lesef\u00f6rderung von der ersten bis zur zehnten Klasse! Die Sch\u00fcler\/-innen lesen ein Buch und beantworten dann interaktive Quizfragen zum Inhalt. Auf diese Weise f\u00f6rdert Antolin das sinnentnehmende Lesen und&#8230;<\/p>\n","protected":false},"author":3,"featured_media":0,"parent":0,"menu_order":0,"comment_status":"closed","ping_status":"closed","template":"","meta":[],"_links":{"self":[{"href":"https:\/\/funke-grundschule.de\/index.php?rest_route=\/wp\/v2\/pages\/145"}],"collection":[{"href":"https:\/\/funke-grundschule.de\/index.php?rest_route=\/wp\/v2\/pages"}],"about":[{"href":"https:\/\/funke-grundschule.de\/index.php?rest_route=\/wp\/v2\/types\/page"}],"author":[{"embeddable":true,"href":"https:\/\/funke-grundschule.de\/index.php?rest_route=\/wp\/v2\/users\/3"}],"replies":[{"embeddable":true,"href":"https:\/\/funke-grundschule.de\/index.php?rest_route=%2Fwp%2Fv2%2Fcomments&post=145"}],"version-history":[{"count":3,"href":"https:\/\/funke-grundschule.de\/index.php?rest_route=\/wp\/v2\/pages\/145\/revisions"}],"predecessor-version":[{"id":1156,"href":"https:\/\/funke-grundschule.de\/index.php?rest_route=\/wp\/v2\/pages\/145\/revisions\/1156"}],"wp:attachment":[{"href":"https:\/\/funke-grundschule.de\/index.php?rest_route=%2Fwp%2Fv2%2Fmedia&parent=145"}],"curies":[{"name":"wp","href":"https:\/\/api.w.org\/{rel}","templated":true}]}}